{"id":10,"date":"2017-08-14T09:51:38","date_gmt":"2017-08-14T07:51:38","guid":{"rendered":"http:\/\/lpcpuget.legtux.org\/?page_id=10"},"modified":"2020-07-31T16:41:13","modified_gmt":"2020-07-31T14:41:13","slug":"presentation-de-lassociation","status":"publish","type":"page","link":"http:\/\/www.lpcpuget.com\/?page_id=10","title":{"rendered":"Pr\u00e9sentation de l&rsquo;Association"},"content":{"rendered":"<p>Notre association \u00ab\u00a0Le Point Compt\u00e9\u00a0\u00bb (LPC Puget) a \u00e9t\u00e9 cr\u00e9\u00e9e en 2002 \u00e0 Puget sur Argens.<\/p>\n<p>Son objectif est de promouvoir les Arts du Fil (broderie, dentelle, couture&#8230;) en organisant chaque ann\u00e9e \u00e0 Puget sur Argens (Var) des manifestations grand public qui ont aujourd&rsquo;hui une port\u00e9e nationale.<!--more--><\/p>\n<h2>Salon \u00ab\u00a0Puget F\u00eate le Fil\u00a0\u00bb<\/h2>\n<p>Nous organisons chaque ann\u00e9e sur 2 jours un salon d\u00e9di\u00e9 aux Arts du Fil aux alentours du mois de Mai afin de proposer \u00e0 l&rsquo;ensemble des visiteurs de rencontrer les professionnels et artistes qui pratiquent la m\u00eame passion que nous.<\/p>\n<p>Ce salon permet \u00e9galement de trouver \u00e0 la vente le mat\u00e9riel et les accessoires n\u00e9cessaires \u00e0 la pratique de notre passion.<\/p>\n<p><img loading=\"lazy\" decoding=\"async\" class=\"aligncenter size-large wp-image-11\" src=\"http:\/\/lpcpuget.legtux.org\/wp-content\/uploads\/2017\/08\/salon_sud_broderie-001-1024x683.jpg\" alt=\"\" width=\"768\" height=\"512\" srcset=\"http:\/\/www.lpcpuget.com\/wp-content\/uploads\/2017\/08\/salon_sud_broderie-001.jpg 1024w, http:\/\/www.lpcpuget.com\/wp-content\/uploads\/2017\/08\/salon_sud_broderie-001-300x200.jpg 300w, http:\/\/www.lpcpuget.com\/wp-content\/uploads\/2017\/08\/salon_sud_broderie-001-768x512.jpg 768w\" sizes=\"auto, (max-width: 768px) 100vw, 768px\" \/><\/p>\n<p>Le Salon \u00ab\u00a0Puget F\u00eate le Fil\u00a0\u00bb existe depuis plus de 10 ans (ex Salon Sud broderie) et invite chaque ann\u00e9e une trentaine de professionnels. L&rsquo;entr\u00e9e pour le public est gratuite.<\/p>\n<h2>Puces de Couturi\u00e8res<\/h2>\n<p>L&rsquo;association organise \u00e9galement chaque ann\u00e9e des Puces de Couturi\u00e8res. Cette manifestation se d\u00e9roule en g\u00e9n\u00e9ral au mois de F\u00e9vrier sur une journ\u00e9e. Elle est destin\u00e9e aux passionn\u00e9es d&rsquo;Art du fil qui souhaitent vider leurs tiroirs et armoires !!!<\/p>\n<p><img loading=\"lazy\" decoding=\"async\" class=\"aligncenter size-large wp-image-12\" src=\"http:\/\/lpcpuget.legtux.org\/wp-content\/uploads\/2017\/08\/puces_brodeuses-001-1024x683.jpg\" alt=\"\" width=\"768\" height=\"512\" srcset=\"http:\/\/www.lpcpuget.com\/wp-content\/uploads\/2017\/08\/puces_brodeuses-001.jpg 1024w, http:\/\/www.lpcpuget.com\/wp-content\/uploads\/2017\/08\/puces_brodeuses-001-300x200.jpg 300w, http:\/\/www.lpcpuget.com\/wp-content\/uploads\/2017\/08\/puces_brodeuses-001-768x512.jpg 768w\" sizes=\"auto, (max-width: 768px) 100vw, 768px\" \/><\/p>\n<p>Vous trouverez bien entendu sur le site le d\u00e9tail des prochaines \u00e9ditions de ces manifestations.<\/p>\n","protected":false},"excerpt":{"rendered":"<p>Notre association \u00ab\u00a0Le Point Compt\u00e9\u00a0\u00bb (LPC Puget) a \u00e9t\u00e9 cr\u00e9\u00e9e en 2002 \u00e0 Puget sur Argens. Son objectif est de promouvoir les Arts du Fil (broderie, dentelle, couture&#8230;) en organisant chaque ann\u00e9e \u00e0 Puget sur Argens (Var) des manifestations grand public qui ont aujourd&rsquo;hui une port\u00e9e nationale.<\/p>\n","protected":false},"author":1,"featured_media":0,"parent":0,"menu_order":0,"comment_status":"closed","ping_status":"closed","template":"","meta":{"footnotes":""},"class_list":["post-10","page","type-page","status-publish","hentry"],"post_mailing_queue_ids":[],"_links":{"self":[{"href":"http:\/\/www.lpcpuget.com\/index.php?rest_route=\/wp\/v2\/pages\/10","targetHints":{"allow":["GET"]}}],"collection":[{"href":"http:\/\/www.lpcpuget.com\/index.php?rest_route=\/wp\/v2\/pages"}],"about":[{"href":"http:\/\/www.lpcpuget.com\/index.php?rest_route=\/wp\/v2\/types\/page"}],"author":[{"embeddable":true,"href":"http:\/\/www.lpcpuget.com\/index.php?rest_route=\/wp\/v2\/users\/1"}],"replies":[{"embeddable":true,"href":"http:\/\/www.lpcpuget.com\/index.php?rest_route=%2Fwp%2Fv2%2Fcomments&post=10"}],"version-history":[{"count":2,"href":"http:\/\/www.lpcpuget.com\/index.php?rest_route=\/wp\/v2\/pages\/10\/revisions"}],"predecessor-version":[{"id":342,"href":"http:\/\/www.lpcpuget.com\/index.php?rest_route=\/wp\/v2\/pages\/10\/revisions\/342"}],"wp:attachment":[{"href":"http:\/\/www.lpcpuget.com\/index.php?rest_route=%2Fwp%2Fv2%2Fmedia&parent=10"}],"curies":[{"name":"wp","href":"https:\/\/api.w.org\/{rel}","templated":true}]}}

Présentation de l&rsquo;Association

<p>Notre association « Le Point Compté » (LPC Puget) a été créée en 2002 à Puget sur Argens.</p>
<p>Son objectif est de promouvoir les Arts du Fil (broderie, dentelle, couture&#8230;) en organisant chaque année à Puget sur Argens (Var) des manifestations grand public qui ont aujourd&rsquo;hui une portée nationale.<!--more--></p>
<h2>Salon « Puget Fête le Fil »</h2>
<p>Nous organisons chaque année sur 2 jours un salon dédié aux Arts du Fil aux alentours du mois de Mai afin de proposer à l&rsquo;ensemble des visiteurs de rencontrer les professionnels et artistes qui pratiquent la même passion que nous.</p>
<p>Ce salon permet également de trouver à la vente le matériel et les accessoires nécessaires à la pratique de notre passion.</p>
<p><img loading="lazy" decoding="async" class="aligncenter size-large wp-image-11" src="http://lpcpuget.legtux.org/wp-content/uploads/2017/08/salon_sud_broderie-001-1024x683.jpg" alt="" width="768" height="512" srcset="http://www.lpcpuget.com/wp-content/uploads/2017/08/salon_sud_broderie-001.jpg 1024w, http://www.lpcpuget.com/wp-content/uploads/2017/08/salon_sud_broderie-001-300x200.jpg 300w, http://www.lpcpuget.com/wp-content/uploads/2017/08/salon_sud_broderie-001-768x512.jpg 768w" sizes="auto, (max-width: 768px) 100vw, 768px" /></p>
<p>Le Salon « Puget Fête le Fil » existe depuis plus de 10 ans (ex Salon Sud broderie) et invite chaque année une trentaine de professionnels. L&rsquo;entrée pour le public est gratuite.</p>
<h2>Puces de Couturières</h2>
<p>L&rsquo;association organise également chaque année des Puces de Couturières. Cette manifestation se déroule en général au mois de Février sur une journée. Elle est destinée aux passionnées d&rsquo;Art du fil qui souhaitent vider leurs tiroirs et armoires !!!</p>
<p><img loading="lazy" decoding="async" class="aligncenter size-large wp-image-12" src="http://lpcpuget.legtux.org/wp-content/uploads/2017/08/puces_brodeuses-001-1024x683.jpg" alt="" width="768" height="512" srcset="http://www.lpcpuget.com/wp-content/uploads/2017/08/puces_brodeuses-001.jpg 1024w, http://www.lpcpuget.com/wp-content/uploads/2017/08/puces_brodeuses-001-300x200.jpg 300w, http://www.lpcpuget.com/wp-content/uploads/2017/08/puces_brodeuses-001-768x512.jpg 768w" sizes="auto, (max-width: 768px) 100vw, 768px" /></p>
<p>Vous trouverez bien entendu sur le site le détail des prochaines éditions de ces manifestations.</p>

<p>Notre association « Le Point Compté » (LPC Puget) a été créée en 2002 à Puget sur Argens. Son objectif est de promouvoir les Arts du Fil (broderie, dentelle, couture&#8230;) en organisant chaque année à Puget sur Argens (Var) des manifestations grand public qui ont aujourd&rsquo;hui une portée nationale.</p>
