{"id":26,"date":"2017-08-14T10:05:46","date_gmt":"2017-08-14T08:05:46","guid":{"rendered":"http:\/\/lpcpuget.legtux.org\/?page_id=26"},"modified":"2020-07-31T16:43:15","modified_gmt":"2020-07-31T14:43:15","slug":"salon-sud-broderie","status":"publish","type":"page","link":"http:\/\/www.lpcpuget.com\/?page_id=26","title":{"rendered":"Puget F\u00eate le Fil"},"content":{"rendered":"<p>Nous organisons \u00e0 Puget sur Argens, chaque ann\u00e9e aux alentours du mois de Mai, un salon d\u00e9di\u00e9 aux Arts du Fil qui a aujourd&rsquo;hui une port\u00e9e nationale. Vous pouvez retrouver \u00e0 chaque \u00e9dition plus de 25 cr\u00e9ateurs et professionnels<!--more--> uniquement sp\u00e9cialis\u00e9 dans l&rsquo;Art du Fil et qui vous proposeront \u00e0 la vente des mod\u00e8les de leur cr\u00e9ation, mais \u00e9galement des accessoires, fils, livres&#8230;<\/p>\n<p><img loading=\"lazy\" decoding=\"async\" class=\"aligncenter size-large wp-image-11\" src=\"http:\/\/lpcpuget.legtux.org\/wp-content\/uploads\/2017\/08\/salon_sud_broderie-001-1024x683.jpg\" alt=\"\" width=\"768\" height=\"512\" srcset=\"http:\/\/www.lpcpuget.com\/wp-content\/uploads\/2017\/08\/salon_sud_broderie-001.jpg 1024w, http:\/\/www.lpcpuget.com\/wp-content\/uploads\/2017\/08\/salon_sud_broderie-001-300x200.jpg 300w, http:\/\/www.lpcpuget.com\/wp-content\/uploads\/2017\/08\/salon_sud_broderie-001-768x512.jpg 768w\" sizes=\"auto, (max-width: 768px) 100vw, 768px\" \/><\/p>\n<p>Chaque ann\u00e9e nous essayons de renouveler les exposants afin de vous proposer un maximum de nouveaut\u00e9s et de vous faire d\u00e9couvrir de nouvelles facettes des Arts du Fil.<\/p>\n<p>Des ateliers sont \u00e9galement organis\u00e9s durant les 2 jours du salon afin de vous permettre d&rsquo;apprendre de nouvelles techniques (dentelle, cartonnage, broderie, couture&#8230;).<\/p>\n<p>Un des objectifs du salon est \u00e9galement de donner la possibilit\u00e9 aux jeunes artistes de pr\u00e9senter leurs cr\u00e9ations et de les faire d\u00e9couvrir \u00e0 un maximum de personnes.<\/p>\n<p>A noter que l&rsquo;entr\u00e9e du salon est gratuite afin de permettre \u00e0 un maximum de visiteurs de d\u00e9couvrir ce qu&rsquo;est l&rsquo;Art du Fil.<\/p>\n<p>N&rsquo;h\u00e9sitez pas \u00e0 revenir r\u00e9guli\u00e8rement sur notre site pour avoir des informations d\u00e9taill\u00e9es sur la prochaine \u00e9dition de notre salon \u00ab\u00a0Puget F\u00eate le Fil\u00a0\u00bb.<\/p>\n","protected":false},"excerpt":{"rendered":"<p>Nous organisons \u00e0 Puget sur Argens, chaque ann\u00e9e aux alentours du mois de Mai, un salon d\u00e9di\u00e9 aux Arts du Fil qui a aujourd&rsquo;hui une port\u00e9e nationale. Vous pouvez retrouver \u00e0 chaque \u00e9dition plus de 25 cr\u00e9ateurs et professionnels<\/p>\n","protected":false},"author":1,"featured_media":0,"parent":0,"menu_order":0,"comment_status":"closed","ping_status":"closed","template":"","meta":{"footnotes":""},"class_list":["post-26","page","type-page","status-publish","hentry"],"post_mailing_queue_ids":[],"_links":{"self":[{"href":"http:\/\/www.lpcpuget.com\/index.php?rest_route=\/wp\/v2\/pages\/26","targetHints":{"allow":["GET"]}}],"collection":[{"href":"http:\/\/www.lpcpuget.com\/index.php?rest_route=\/wp\/v2\/pages"}],"about":[{"href":"http:\/\/www.lpcpuget.com\/index.php?rest_route=\/wp\/v2\/types\/page"}],"author":[{"embeddable":true,"href":"http:\/\/www.lpcpuget.com\/index.php?rest_route=\/wp\/v2\/users\/1"}],"replies":[{"embeddable":true,"href":"http:\/\/www.lpcpuget.com\/index.php?rest_route=%2Fwp%2Fv2%2Fcomments&post=26"}],"version-history":[{"count":2,"href":"http:\/\/www.lpcpuget.com\/index.php?rest_route=\/wp\/v2\/pages\/26\/revisions"}],"predecessor-version":[{"id":344,"href":"http:\/\/www.lpcpuget.com\/index.php?rest_route=\/wp\/v2\/pages\/26\/revisions\/344"}],"wp:attachment":[{"href":"http:\/\/www.lpcpuget.com\/index.php?rest_route=%2Fwp%2Fv2%2Fmedia&parent=26"}],"curies":[{"name":"wp","href":"https:\/\/api.w.org\/{rel}","templated":true}]}}

Puget Fête le Fil

<p>Nous organisons à Puget sur Argens, chaque année aux alentours du mois de Mai, un salon dédié aux Arts du Fil qui a aujourd&rsquo;hui une portée nationale. Vous pouvez retrouver à chaque édition plus de 25 créateurs et professionnels<!--more--> uniquement spécialisé dans l&rsquo;Art du Fil et qui vous proposeront à la vente des modèles de leur création, mais également des accessoires, fils, livres&#8230;</p>
<p><img loading="lazy" decoding="async" class="aligncenter size-large wp-image-11" src="http://lpcpuget.legtux.org/wp-content/uploads/2017/08/salon_sud_broderie-001-1024x683.jpg" alt="" width="768" height="512" srcset="http://www.lpcpuget.com/wp-content/uploads/2017/08/salon_sud_broderie-001.jpg 1024w, http://www.lpcpuget.com/wp-content/uploads/2017/08/salon_sud_broderie-001-300x200.jpg 300w, http://www.lpcpuget.com/wp-content/uploads/2017/08/salon_sud_broderie-001-768x512.jpg 768w" sizes="auto, (max-width: 768px) 100vw, 768px" /></p>
<p>Chaque année nous essayons de renouveler les exposants afin de vous proposer un maximum de nouveautés et de vous faire découvrir de nouvelles facettes des Arts du Fil.</p>
<p>Des ateliers sont également organisés durant les 2 jours du salon afin de vous permettre d&rsquo;apprendre de nouvelles techniques (dentelle, cartonnage, broderie, couture&#8230;).</p>
<p>Un des objectifs du salon est également de donner la possibilité aux jeunes artistes de présenter leurs créations et de les faire découvrir à un maximum de personnes.</p>
<p>A noter que l&rsquo;entrée du salon est gratuite afin de permettre à un maximum de visiteurs de découvrir ce qu&rsquo;est l&rsquo;Art du Fil.</p>
<p>N&rsquo;hésitez pas à revenir régulièrement sur notre site pour avoir des informations détaillées sur la prochaine édition de notre salon « Puget Fête le Fil ».</p>

<p>Nous organisons à Puget sur Argens, chaque année aux alentours du mois de Mai, un salon dédié aux Arts du Fil qui a aujourd&rsquo;hui une portée nationale. Vous pouvez retrouver à chaque édition plus de 25 créateurs et professionnels</p>
